 when 26 is divided by d?
2
Let f(p) = -2*p**2 + 18*p - 22. Calculate the remainder when 66 is divided by f(6).
10
Suppose 7*c - 10 = 200. What is the remainder when 1 is divided by (-4)/c + 153/135?
0
Let z = 157 + -58. Let s be (-488)/(-9) + (-22)/z. Suppose -5*m + 63 = 3*p - s, 2*p - 3*m = 59. What is the remainder when p is divided by 18?
16
Let d = 2135 + -2130. What is the remainder when 209 is divided by d?
4
Calculate the remainder when 41 is divided by -4*(-10)/16*2.
1
Suppose 504 = 32*c - 29*c - 4*y, -4*y = 4*c - 672. What is the remainder when c is divided by 20?
8
Let t(v) = -v**2 - 6*v + 12. Let i be t(-7). Suppose 4*r - 37 = -3*q - 4, -q + 22 = i*r. What is the remainder when 16 is divided by q?
2
Let y(v) = -v**3 + 6*v**2 + 16*v - 12. Suppose 2*r + 5*r - 49 = 0. Suppose 2*j - 4*j = -52. Calculate the remainder when y(r) is divided by j.
25
Let m be (16/2)/((-12)/180). Let d = -106 - m. Calculate the remainder when d is divided by 8.
6
Let v(x) = 22*x + 221. What is the remainder when v(-5) is divided by 61?
50
Let y be ((-5)/40*-4)/(2/192). Suppose 0 = 5*l - 12 - y. What is the remainder when 41 is divided by l?
5
Suppose -35 = -2*i + 3*t, 23*i = 20*i + 5*t + 55. What is the remainder when 13 is divided by i?
3
Let d = 436 + -105. Calculate the remainder when d is divided by 64.
11
Let x = -252 - -351. What is the remainder when x is divided by 59?
40
Suppose 4*a - 398 = g + 29, -4*g + 344 = 3*a. What is the remainder when a is divided by 30?
18
Let y = -223 - -253. Calculate the remainder when y is divided by (55/(-20))/((-1)/4).
8
Let q(w) = -w**3 - 6*w**2 - 5*w + 14. Let p be q(-4). Let r(j) = 4*j**3 - j**2 - 2*j - 1. Calculate the remainder when r(p) is divided by 12.
11
Let v = 14 - 20. Let y(i) = -2*i**2 - 20*i + 4. Calculate the remainder when y(v) is divided by 63/(-12)*(-16)/6.
10
Let y(p) = -2*p**2 - p + 1. Let u be y(-1). Let v(g) = u - 42*g + 41*g + 2*g**3 - 1. Calculate the remainder when 36 is divided by v(2).
10
Let k(t) = -t + 5. Let o(f) = 9*f + 15. What is the remainder when o(2) is divided by k(0)?
3
Let d = -204 - -251. What is the remainder when 139 is divided by d?
45
Let l = -272 + 329. Calculate the remainder when 281 is divided by l.
53
Calculate the remainder when 1070/6 - (-1)/6*-2 is divided by 6/18*-3*-30.
28
Let k = -161 - -232. Suppose 2*m = 5*q - 119, -k = -3*q - 3*m + 4*m. What is the remainder when 80 is divided by q?
11
Let d(y) = 7*y**2 - y + 1. Let z be d(1). Suppose z*p - 120 = p. Calculate the remainder when p is divided by 11.
9
Let a = -129 + 90. Let d = a - -105. Let c = 447 - 424. What is the remainder when d is divided by c?
20
Suppose -79 = -2*k - 61. Calculate the remainder when 56 is divided by 140/12 + 3/k.
8
Let p(v) = -6*v - 135. Calculate the remainder when 14 - ((1 - 0) + 0) is divided by p(-23).
1
Let d = -42 - -50. Suppose -2*x + 2*w + d = 0, -3*x + 6 = -2*w + 5*w. Let k = 5 + -4. Calculate the remainder when x is divided by k.
0
Suppose -24 = 4*q + 4*j, 3*j - 2*j = -3. What is the remainder when -1*((-4 - 1) + 0) is divided by (0 + -1)/(1/q)?
2
Suppose -5*q + 4*p = 2*p + 495, 0 = -q - 4*p - 77. Let r = -76 - q. Suppose j - 19 = 2*g, 7*j - 2*g = 3*j + 52. What is the remainder when r is divided by j?
10
Let u(v) = 2*v**2 - v. Suppose -5*x = 3*m + 53, 4*x + 52 = -3*m + 9. Calculate the remainder when (-32)/(-20) - 4/x is divided by u(1).
0
Suppose 178 = -4*s - 4*i - 38, 2*s + 93 = 3*i. What is the remainder when 29 is divided by ((-42)/(-9) - 5)*s?
12
Suppose 4*z + 3*c - 49 = 27, 0 = -4*z - c + 68. Let x(s) = 2*s**2 - 44*s - 226. Calculate the remainder when x(-6) is divided by z.
14
Let m(o) = 7*o**3 - 2*o**2 + 12*o - 15. What is the remainder when m(3) is divided by 39?
36
Let t(g) = 0 - 39*g + 1 - 2. Let y be t(-1). Suppose -76 = -2*r - 4*l, -l = -2*r + 33 + y. What is the remainder when r is divided by 19?
17
Let y(b) = b**2. Let c(n) = n**3 - 10*n**2 + 6*n - 3. Let j(f) = -c(f) - 2*y(f). Let l = -62 + 66. What is the remainder when j(7) is divided by l?
2
Suppose -202*m + 81 = -199*m. What is the remainder when 105 is divided by m?
24
Suppose -29*d + 80 = 2*r - 31*d, d + 81 = 2*r. What is the remainder when 124 is divided by r?
1
Suppose -71*l + 70*l = -39. Calculate the remainder when 345 is divided by l.
33
Let m(h) = 52*h**3 - 2*h + 1. Let d = -29 + 30. Calculate the remainder when m(d) is divided by 14.
9
Let p = 2121 - 1786. Calculate the remainder when p is divided by 168.
167
Let o(z) = 6*z + 140. What is the remainder when 28 is divided by o(-19)?
2
Suppose -a + 74 = 3*t, 4*a - 29*t + 28*t - 231 = 0. Suppose 0 = -m + 3*m - 40. Suppose -2*w + m = -4. Calculate the remainder when a is divided by w.
11
Suppose -5*b + m + 9 = -14, -b = -5*m - 19. Let x = 1 + b. Let s(r) = r**3 + 5*r**2 + r - 2. Calculate the remainder when s(-3) is divided by x.
3
Let w = -601 - -603. Suppose 3*k - 10 = 3*f + f, 3*k + 4*f = 50. Calculate the remainder when k is divided by w.
0
Let r be (15/4)/(11/((-2112)/(-18))). Suppose -r*o + 36*o + 32 = 0. What is the remainder when 12 is divided by o?
4
Let n(u) = -u**3 - 16*u**2 + 9*u - 37. Calculate the remainder when n(-19) is divided by 4.
3
Calculate the remainder when ((-324)/270)/(1 + (-2859)/2850) is divided by 16.
12
Let n = -34 + 53. Let i = 447 - 284. What is the remainder when (-2)/(-3 + i/55) is divided by n?
17
Let y(c) = 2*c**2 - c - 21. Let s be y(5). Suppose s = 3*m - 3. Calculate the remainder when 16 - (0 - 0/(-2)) is divided by m.
7
Suppose 4*c - 4 = 3*c. Let n(q) = -q**3 + 5*q**2 - 2*q + 6. Let a(v) = -11*v + 107. What is the remainder when a(6) is divided by n(c)?
13
Suppose -8*a + 2*a = -324. What is the remainder when a + 3/(-6)*-4 is divided by 15?
11
Suppose -n = -5*h + 15 - 27, 3*n + 3*h - 126 = 0. Calculate the remainder when 137 is divided by n.
26
Suppose -2*w = 3*w - 45. What is the remainder when w is divided by 4/(-16) + 26/8?
0
Let h = 331 - 328. What is the remainder when 76 is divided by h?
1
What is the remainder when 587 is divided by 15 + 3/4*(-112)/(-42)?
9
Suppose -620 = -4*n - p, -4*p = -5*n + 425 + 329. Suppose -5*v = 4*t - n, -3*t = 2*t - 5*v - 215. Calculate the remainder when t is divided by 22.
19
Suppose b - 138 = -b. What is the remainder when b is divided by (-6)/(9*(-2)/66) + 2?
21
Let m(y) = -y**3 + 12*y**2 + 3*y - 21. Suppose 0 = -3*z + 5*p + 152, 0 = -2*p + 13 - 3. Calculate the remainder when z is divided by m(12).
14
Suppose 0 = -5*q + s - 2 + 3, 15 = -q + 4*s. Let n be q - ((-6)/2)/3. Suppose -n*l - 10 = -3*l. Calculate the remainder when 18 is divided by l.
8
Suppose -21 + 1 = -5*m. Calculate the remainder when 4 is divided by m.
0
Suppose -a + 31 + 7 = 0. Suppose 3*i - 2*y - 15 = -5*y, -a = -4*i + 5*y. Calculate the remainder when 20 is divided by i.
6
Let i be ((-2)/4)/((-3)/30). Suppose 0 = -5*v - i, -544 = -3*r + 6*v - 2*v. Calculate the remainder when 33 is divided by (16/(-10))/((-24)/r).
9
Let l(k) = 122*k - 458. What is the remainder when 334 is divided by l(4)?
4
Suppose 0 = -4*p - 4, -2*b - p = -2*p - 177. What is the remainder when b is divided by 23?
19
Let u = 10 - 6. Suppose -f + 3 = -5*l - 32, -u*f + 56 = l. Calculate the remainder when 43 is divided by f.
13
Let v(b) be the third derivative of -b**6/60 - b**5/30 + b**4/12 + b**3/6 - 4*b**2. Suppose -n = 1 + 1. What is the remainder when 17 is divided by v(n)?
2
Suppose 5*x - 69 - 31 = 0. Calculate the remainder when 33 is divided by x.
13
What is the remainder when 10073/70 + (0 - (-8)/80) is divided by 142?
2
Let t(l) = l**3 - 6*l**2 + l - 3. Let z be 7/3 - 2/(-3) - -1. Calculate the remainder when ((-15)/4)/(-1) - 3/z is divided by t(6).
0
Suppose 29*o - 7240 = 11784. What is the remainder when o is divided by 9?
8
Suppose -4*g + 2 + 18 = -j, -5*j + 15 = 3*g. What is the remainder when 68*(j/2 - (3 - 4)) is divided by 14?
12
Suppose 1613 = 43*r - 991 + 540. Suppose 3*m = 4*u + 4*m - 18, -2*u + 2*m = -14. What is the remainder when r is divided by u?
3
Let n(t) = 8*t**2 - t - 4. Let u be n(-2). Suppose 4 = 3*h + 4*v, -5*h = -v + 3*v - u. Suppose h*c = 10*c - 34. Calculate the remainder when 64 is divided by c.
13
Suppose 180 = 805*u - 793*u. What is the remainder when 32 is divided by u?
2
Let b(o) = -27*o**3 + 7*o**2